{"id":488,"date":"2022-09-14T20:52:14","date_gmt":"2022-09-14T19:52:14","guid":{"rendered":"https:\/\/ilc2022.ftn.uns.ac.rs\/?page_id=488"},"modified":"2022-09-14T21:45:40","modified_gmt":"2022-09-14T20:45:40","slug":"programme","status":"publish","type":"page","link":"https:\/\/ilc2022.ftn.uns.ac.rs\/index.php\/programme\/","title":{"rendered":"Programme"},"content":{"rendered":"\t\t<div data-elementor-type=\"wp-page\" data-elementor-id=\"488\" class=\"elementor elementor-488\">\n\t\t\t\t\t\t\t\t\t<section class=\"elementor-section elementor-top-section elementor-element elementor-element-a4852d5 elementor-hidden-tablet elementor-hidden-mobile elementor-section-boxed elementor-section-height-default elementor-section-height-default\" data-id=\"a4852d5\" data-element_type=\"section\">\n\t\t\t\t\t\t<div class=\"elementor-container elementor-column-gap-default\">\n\t\t\t\t\t<div class=\"elementor-column elementor-col-100 elementor-top-column elementor-element elementor-element-b1ff5a9\" data-id=\"b1ff5a9\" data-element_type=\"column\">\n\t\t\t<div class=\"elementor-widget-wrap elementor-element-populated\">\n\t\t\t\t\t\t\t\t<div class=\"elementor-element elementor-element-478e674 elementor-widget elementor-widget-spacer\" data-id=\"478e674\" data-element_type=\"widget\" data-widget_type=\"spacer.default\">\n\t\t\t\t<div class=\"elementor-widget-container\">\n\t\t\t<style>\/*! elementor - v3.6.4 - 13-04-2022 *\/\n.e-container.e-container--row .elementor-spacer-inner{width:var(--spacer-size)}.e-container.e-container--column .elementor-spacer-inner,.elementor-column .elementor-spacer-inner{height:var(--spacer-size)}<\/style>\t\t<div class=\"elementor-spacer\">\n\t\t\t<div class=\"elementor-spacer-inner\"><\/div>\n\t\t<\/div>\n\t\t\t\t<\/div>\n\t\t\t\t<\/div>\n\t\t\t\t\t<\/div>\n\t\t<\/div>\n\t\t\t\t\t\t\t<\/div>\n\t\t<\/section>\n\t\t\t\t<section class=\"elementor-section elementor-top-section elementor-element elementor-element-dc4366f elementor-section-boxed elementor-section-height-default elementor-section-height-default\" data-id=\"dc4366f\" data-element_type=\"section\">\n\t\t\t\t\t\t<div class=\"elementor-container elementor-column-gap-default\">\n\t\t\t\t\t<div class=\"elementor-column elementor-col-100 elementor-top-column elementor-element elementor-element-8ce6b90\" data-id=\"8ce6b90\" data-element_type=\"column\">\n\t\t\t<div class=\"elementor-widget-wrap elementor-element-populated\">\n\t\t\t\t\t\t\t\t<div class=\"elementor-element elementor-element-321e5a2 elementor-widget elementor-widget-heading\" data-id=\"321e5a2\" data-element_type=\"widget\" data-widget_type=\"heading.default\">\n\t\t\t\t<div class=\"elementor-widget-container\">\n\t\t\t<style>\/*! elementor - v3.6.4 - 13-04-2022 *\/\n.elementor-heading-title{padding:0;margin:0;line-height:1}.elementor-widget-heading .elementor-heading-title[class*=elementor-size-]>a{color:inherit;font-size:inherit;line-height:inherit}.elementor-widget-heading .elementor-heading-title.elementor-size-small{font-size:15px}.elementor-widget-heading .elementor-heading-title.elementor-size-medium{font-size:19px}.elementor-widget-heading .elementor-heading-title.elementor-size-large{font-size:29px}.elementor-widget-heading .elementor-heading-title.elementor-size-xl{font-size:39px}.elementor-widget-heading .elementor-heading-title.elementor-size-xxl{font-size:59px}<\/style><h3 class=\"elementor-heading-title elementor-size-default\">Programme<\/h3>\t\t<\/div>\n\t\t\t\t<\/div>\n\t\t\t\t\t<\/div>\n\t\t<\/div>\n\t\t\t\t\t\t\t<\/div>\n\t\t<\/section>\n\t\t\t\t<section class=\"elementor-section elementor-top-section elementor-element elementor-element-bb4c4fb elementor-section-boxed elementor-section-height-default elementor-section-height-default\" data-id=\"bb4c4fb\" data-element_type=\"section\">\n\t\t\t\t\t\t<div class=\"elementor-container elementor-column-gap-default\">\n\t\t\t\t\t<div class=\"elementor-column elementor-col-100 elementor-top-column elementor-element elementor-element-8ba6d8f\" data-id=\"8ba6d8f\" data-element_type=\"column\">\n\t\t\t<div class=\"elementor-widget-wrap elementor-element-populated\">\n\t\t\t\t\t\t\t\t<div class=\"elementor-element elementor-element-9b95732 elementor-widget elementor-widget-text-editor\" data-id=\"9b95732\" data-element_type=\"widget\" data-widget_type=\"text-editor.default\">\n\t\t\t\t<div class=\"elementor-widget-container\">\n\t\t\t<style>\/*! elementor - v3.6.4 - 13-04-2022 *\/\n.elementor-widget-text-editor.elementor-drop-cap-view-stacked .elementor-drop-cap{background-color:#818a91;color:#fff}.elementor-widget-text-editor.elementor-drop-cap-view-framed .elementor-drop-cap{color:#818a91;border:3px solid;background-color:transparent}.elementor-widget-text-editor:not(.elementor-drop-cap-view-default) .elementor-drop-cap{margin-top:8px}.elementor-widget-text-editor:not(.elementor-drop-cap-view-default) .elementor-drop-cap-letter{width:1em;height:1em}.elementor-widget-text-editor .elementor-drop-cap{float:left;text-align:center;line-height:1;font-size:50px}.elementor-widget-text-editor .elementor-drop-cap-letter{display:inline-block}<\/style>\t\t\t\t<h4><span id=\"page3R_mcid2\" class=\"markedContent\"><span dir=\"ltr\" role=\"presentation\">The 11<\/span><span dir=\"ltr\" role=\"presentation\">th<\/span> <span dir=\"ltr\" role=\"presentation\">International Language Conference on<\/span><\/span><span id=\"page3R_mcid3\" class=\"markedContent\"><br role=\"presentation\" \/><span dir=\"ltr\" role=\"presentation\">The Importance of Learning Professional Foreign Languages for Communication between Cultures<\/span><\/span><span id=\"page3R_mcid4\" class=\"markedContent\"><\/span><span id=\"page3R_mcid5\" class=\"markedContent\"><br role=\"presentation\" \/><span dir=\"ltr\" role=\"presentation\">16<\/span><span dir=\"ltr\" role=\"presentation\">\u2013<\/span> <span dir=\"ltr\" role=\"presentation\">17 September 2022<\/span><\/span><span id=\"page3R_mcid6\" class=\"markedContent\"><br role=\"presentation\" \/><\/span><\/h4><p><span id=\"page3R_mcid6\" class=\"markedContent\"><span dir=\"ltr\" role=\"presentation\">Conference<\/span> <span dir=\"ltr\" role=\"presentation\">Organizer:<\/span> <span dir=\"ltr\" role=\"presentation\">Faculty of Technical Sciences, University of Novi Sad, Novi Sad, Serbia<\/span><\/span><span id=\"page3R_mcid7\" class=\"markedContent\"><br role=\"presentation\" \/><span dir=\"ltr\" role=\"presentation\">Conference<\/span> <span dir=\"ltr\" role=\"presentation\">Venue<\/span><span dir=\"ltr\" role=\"presentation\">:<\/span> <span dir=\"ltr\" role=\"presentation\">Rectorate<\/span> <span dir=\"ltr\" role=\"presentation\">Building<\/span><span dir=\"ltr\" role=\"presentation\">,<\/span><\/span><span id=\"page3R_mcid8\" class=\"markedContent\"><br role=\"presentation\" \/><span dir=\"ltr\" role=\"presentation\">Address<\/span><span dir=\"ltr\" role=\"presentation\">:<\/span> <span dir=\"ltr\" role=\"presentation\">Dr.<\/span> <span dir=\"ltr\" role=\"presentation\">Zorana \u0110in\u0111i\u0107a 1, Campus o<\/span><span dir=\"ltr\" role=\"presentation\">f the Uni<\/span><span dir=\"ltr\" role=\"presentation\">versit<\/span><span dir=\"ltr\" role=\"presentation\">y<\/span> <span dir=\"ltr\" role=\"presentation\">of Novi Sad<\/span><\/span><\/p>\t\t\t\t\t\t<\/div>\n\t\t\t\t<\/div>\n\t\t\t\t<div class=\"elementor-element elementor-element-09ca565 elementor-hidden-tablet elementor-hidden-mobile elementor-widget elementor-widget-elementskit-button\" data-id=\"09ca565\" data-element_type=\"widget\" data-widget_type=\"elementskit-button.default\">\n\t\t\t\t<div class=\"elementor-widget-container\">\n\t\t\t<div class=\"ekit-wid-con\" >\t\t<div class=\"ekit-btn-wraper\">\n\t\t\t\t\t\t\t<a href=\"https:\/\/ilc2022.ftn.uns.ac.rs\/wp-content\/uploads\/2022\/09\/Conference-program-final.pdf\" target=\"_blank\" class=\"elementskit-btn  whitespace--normal\" >\n\t\t\t\t\tDownload programme\n\t\t\t\t\t<i aria-hidden=\"true\" class=\"fasicon icon-arrow-right\"><\/i>\n\t\t\t\t<\/a>\n\t\t\t\t\t\t<\/div>\n        <\/div>\t\t<\/div>\n\t\t\t\t<\/div>\n\t\t\t\t\t<\/div>\n\t\t<\/div>\n\t\t\t\t\t\t\t<\/div>\n\t\t<\/section>\n\t\t\t\t<section class=\"elementor-section elementor-top-section elementor-element elementor-element-ef0d83f elementor-section-boxed elementor-section-height-default elementor-section-height-default\" data-id=\"ef0d83f\" data-element_type=\"section\">\n\t\t\t\t\t\t<div class=\"elementor-container elementor-column-gap-no\">\n\t\t\t\t\t<div class=\"elementor-column elementor-col-100 elementor-top-column elementor-element elementor-element-7bcc715\" data-id=\"7bcc715\" data-element_type=\"column\">\n\t\t\t<div class=\"elementor-widget-wrap elementor-element-populated\">\n\t\t\t\t\t\t\t\t<div class=\"elementor-element elementor-element-fa6d1b5 elementor-widget elementor-widget-text-editor\" data-id=\"fa6d1b5\" data-element_type=\"widget\" data-widget_type=\"text-editor.default\">\n\t\t\t\t<div class=\"elementor-widget-container\">\n\t\t\t\t\t\t\t<table width=\"864\" cellspacing=\"0\" cellpadding=\"1\"><tbody><tr valign=\"top\"><td width=\"129\" height=\"31\"><span style=\"font-size: small;\">9:00 \u2013 9:50<\/span><\/td><td width=\"729\"><span style=\"font-size: small;\"><b>Conference registration<\/b><\/span><\/td><\/tr><tr valign=\"top\"><td width=\"129\" height=\"49\"><span style=\"font-size: small;\">10:00 \u2013 10:30<\/span><\/td><td width=\"729\"><span style=\"font-size: small;\"><b>Conference opening (Amphitheatre)<\/b><\/span><\/td><\/tr><tr valign=\"top\"><td width=\"129\" height=\"65\"><span style=\"font-size: small;\">10:30 \u2013 11:30<\/span><\/td><td width=\"729\"><p><span style=\"font-size: small;\"><b>Plenary talk (Amphitheatre)<\/b><\/span><\/p><p><span style=\"font-size: small;\">Agnes Pisanski Peterlin<\/span><\/p><p><span style=\"font-size: small;\">Academic discourse in cross-cultural contexts: Exploring the synergies between LSP and translation<\/span><\/p><\/td><\/tr><tr valign=\"top\"><td width=\"129\" height=\"48\"><span style=\"font-size: small;\">11:30 \u2013 11:50<\/span><\/td><td width=\"729\"><p align=\"center\"><span style=\"font-size: small;\"><b>Coffee break<\/b><\/span><\/p><\/td><\/tr><\/tbody><\/table>\t\t\t\t\t\t<\/div>\n\t\t\t\t<\/div>\n\t\t\t\t<div class=\"elementor-element elementor-element-7c2c6d7 elementor-widget elementor-widget-text-editor\" data-id=\"7c2c6d7\" data-element_type=\"widget\" data-widget_type=\"text-editor.default\">\n\t\t\t\t<div class=\"elementor-widget-container\">\n\t\t\t\t\t\t\t<table width=\"864\" cellspacing=\"0\" cellpadding=\"1\"><tbody><tr valign=\"top\"><td width=\"129\" height=\"31\">\u00a0<\/td><td width=\"365\"><p align=\"center\"><span style=\"font-size: small;\"><b>Room P-14<\/b><\/span><\/p><p align=\"center\"><span style=\"font-size: small;\">Moderator: Jelena Jerkovi\u0107<\/span><\/p><\/td><td width=\"361\"><p align=\"center\"><span style=\"font-size: small;\"><b>Room I9<\/b><\/span><\/p><p align=\"center\"><span style=\"font-size: small;\">Moderator: Dragana Gak<\/span><\/p><\/td><\/tr><tr valign=\"top\"><td width=\"129\" height=\"65\"><p><span style=\"font-size: small;\">11:50 \u2013 12:20<\/span><\/p><\/td><td width=\"365\"><p><span style=\"font-size: small;\">Edgar Bernad-Mech\u00f3, Carolina Gir\u00f3n-Garc\u00eda<\/span><\/p><p><span style=\"font-size: small;\"><i>Incorporating Gamified Procedures in Teaching Multimodal Literacy in EMI: Exploring Research Dissemination Videos<\/i><\/span><\/p><\/td><td width=\"361\"><p><span style=\"font-size: small;\">Dragana \u0106ori\u0107<\/span><\/p><p><span style=\"font-size: small;\"><i>Plain English vs. Legal English<\/i><\/span><\/p><\/td><\/tr><tr valign=\"top\"><td width=\"129\" height=\"49\"><p><span style=\"font-size: small;\">12:20 \u2013 12:50<\/span><\/p><\/td><td width=\"365\"><p><span style=\"font-size: small;\">Mirna Vidakovi\u0107, Jelena Jerkovi\u0107<\/span><\/p><p><span style=\"font-size: small;\"><i>Course Evaluation Purposes and Methodology \u2013 Perspective of ESP Teachers From Slovenian and Serbian Universities<\/i><\/span><\/p><\/td><td width=\"361\"><p><span style=\"font-size: small;\">Marijana Javornik \u010cubri\u0107<\/span><\/p><p><span style=\"font-size: small;\"><i>Legal English Education at the Faculty of Law, University of Zagreb<\/i><\/span><\/p><\/td><\/tr><tr valign=\"top\"><td width=\"129\" height=\"49\"><p><span style=\"font-size: small;\">12:50 \u2013 13:20<\/span><\/p><\/td><td width=\"365\"><p><span style=\"font-size: small;\">Soykan Uysal<\/span><\/p><p><span style=\"font-size: small;\"><i>Language Teachers Perspectives on Professional Language Teaching Problems: A Case Study<\/i><\/span><\/p><\/td><td width=\"361\"><p><span style=\"font-size: small;\">Tina Miholjan\u010dan, Ines Jelov\u010di\u0107, Azra Pli\u0107ani\u0107 Mesi\u0107<\/span><\/p><p><span style=\"font-size: small;\"><i>Listening in LSP courses: using lectures to enhance students&#8217; writing skills<\/i><\/span><\/p><\/td><\/tr><tr valign=\"top\"><td width=\"129\" height=\"31\"><p><span style=\"font-size: small;\">13:30 \u2013 14:30<\/span><\/p><\/td><td colspan=\"2\" width=\"729\"><p align=\"center\"><span style=\"font-size: small;\"><b>Lunch<\/b><\/span><\/p><\/td><\/tr><tr valign=\"top\"><td width=\"129\" height=\"32\">\u00a0<\/td><td width=\"365\"><p align=\"center\"><span style=\"font-size: small;\"><b>Room P-14<\/b><\/span><\/p><p align=\"center\"><span style=\"font-size: small;\">Moderator: Vesna Bulatovi\u0107<\/span><\/p><\/td><td width=\"361\"><p align=\"center\"><span style=\"font-size: small;\"><b>Room I9<\/b><\/span><\/p><p align=\"center\"><span style=\"font-size: small;\">Moderator: Bojana Komaromi<\/span><\/p><\/td><\/tr><tr valign=\"top\"><td width=\"129\" height=\"65\"><p><span style=\"font-size: small;\">14:30 \u2013 15:00<\/span><\/p><\/td><td width=\"365\"><p><span style=\"font-size: small;\">Danijela Ljubojevi\u0107<\/span><\/p><p><span style=\"font-size: small;\"><i>Transversal Competences in FLL at HEI<\/i><\/span><\/p><\/td><td width=\"361\"><p><span style=\"font-size: small;\">Tanja Grade\u010dak, Sabina Halupka, Predrag Kova\u010devi\u0107, Mirna Varga<\/span><\/p><p><span style=\"font-size: small;\"><i>Non-human subjects and present perfect as mechanisms of rhetorical judgment<\/i><\/span><\/p><\/td><\/tr><tr valign=\"top\"><td width=\"129\" height=\"48\"><p><span style=\"font-size: small;\">15:00 \u2013 15:30<\/span><\/p><\/td><td width=\"365\"><p><span style=\"font-size: small;\">Dragana Gak<\/span><\/p><p><span style=\"font-size: small;\"><i>Structure and Language of Presentations \u2013 Students\u2019 Perspective<\/i><\/span><\/p><\/td><td width=\"361\"><p><span style=\"font-size: small;\">Bojana Komaromi<\/span><\/p><p><span style=\"font-size: small;\"><i>Teaching English nominal compositions in ESP courses: challenges and strategies<\/i><\/span><\/p><\/td><\/tr><tr valign=\"top\"><td width=\"129\" height=\"49\"><p><span style=\"font-size: small;\">15:30 \u2013 16:00<\/span><\/p><\/td><td width=\"365\"><p><span style=\"font-size: small;\">Magda Pa\u0161ali\u0107<\/span><\/p><p><span style=\"font-size: small;\"><i>Correlation between EFL teachers\u2019 motivational behaviour and students\u2019 motivation<\/i><\/span><\/p><\/td><td width=\"361\"><p><span style=\"font-size: small;\">Bojana Borkovi\u0107, Vesna Bulatovi\u0107, Dragana Gak<\/span><\/p><p><span style=\"font-size: small;\"><i>Post-Postmodernism, Globalization and the Internet Generation<\/i><\/span><\/p><\/td><\/tr><tr valign=\"top\"><td width=\"129\" height=\"14\"><p><span style=\"font-size: small;\">16:30 \u2013 17:30<\/span><\/p><\/td><td colspan=\"2\" width=\"729\"><p><span style=\"font-size: small;\"><b>Guided walking tour through the city center<\/b><\/span><\/p><\/td><\/tr><\/tbody><\/table>\t\t\t\t\t\t<\/div>\n\t\t\t\t<\/div>\n\t\t\t\t\t<\/div>\n\t\t<\/div>\n\t\t\t\t\t\t\t<\/div>\n\t\t<\/section>\n\t\t\t\t<section class=\"elementor-section elementor-top-section elementor-element elementor-element-58c9e1f elementor-section-boxed elementor-section-height-default elementor-section-height-default\" data-id=\"58c9e1f\" data-element_type=\"section\">\n\t\t\t\t\t\t<div class=\"elementor-container elementor-column-gap-no\">\n\t\t\t\t\t<div class=\"elementor-column elementor-col-50 elementor-top-column elementor-element elementor-element-74c60cf\" data-id=\"74c60cf\" data-element_type=\"column\">\n\t\t\t<div class=\"elementor-widget-wrap elementor-element-populated\">\n\t\t\t\t\t\t\t\t<div class=\"elementor-element elementor-element-0646812 elementor-widget elementor-widget-html\" data-id=\"0646812\" data-element_type=\"widget\" data-widget_type=\"html.default\">\n\t\t\t\t<div class=\"elementor-widget-container\">\n\t\t\t<iframe src=\"https:\/\/www.google.com\/maps\/embed?pb=!1m18!1m12!1m3!1d2809.0342559224923!2d19.85130631579179!3d45.247100055924015!2m3!1f0!2f0!3f0!3m2!1i1024!2i768!4f13.1!3m3!1m2!1s0x475b1072e7f06929%3A0x8d2f92b608a0e275!2z0JTRgCDQl9C-0YDQsNC90LAg0ILQuNC90ZLQuNGb0LAsINCd0L7QstC4INCh0LDQtA!5e0!3m2!1ssr!2srs!4v1663187766047!5m2!1ssr!2srs\" width=\"600\" height=\"450\" style=\"border:0;\" allowfullscreen=\"\" loading=\"lazy\" referrerpolicy=\"no-referrer-when-downgrade\"><\/iframe>\t\t<\/div>\n\t\t\t\t<\/div>\n\t\t\t\t\t<\/div>\n\t\t<\/div>\n\t\t\t\t<div class=\"elementor-column elementor-col-50 elementor-top-column elementor-element elementor-element-f81871b\" data-id=\"f81871b\" data-element_type=\"column\">\n\t\t\t<div class=\"elementor-widget-wrap elementor-element-populated\">\n\t\t\t\t\t\t\t\t<div class=\"elementor-element elementor-element-6f0f504 elementor-widget elementor-widget-image\" data-id=\"6f0f504\" data-element_type=\"widget\" data-widget_type=\"image.default\">\n\t\t\t\t<div class=\"elementor-widget-container\">\n\t\t\t<style>\/*! elementor - v3.6.4 - 13-04-2022 *\/\n.elementor-widget-image{text-align:center}.elementor-widget-image a{display:inline-block}.elementor-widget-image a img[src$=\".svg\"]{width:48px}.elementor-widget-image img{vertical-align:middle;display:inline-block}<\/style>\t\t\t\t\t\t\t\t\t\t\t\t<img loading=\"lazy\" decoding=\"async\" width=\"960\" height=\"630\" src=\"https:\/\/ilc2022.ftn.uns.ac.rs\/wp-content\/uploads\/2022\/04\/Rektorat.jpg\" class=\"attachment-full size-full\" alt=\"\" srcset=\"https:\/\/ilc2022.ftn.uns.ac.rs\/wp-content\/uploads\/2022\/04\/Rektorat.jpg 960w, https:\/\/ilc2022.ftn.uns.ac.rs\/wp-content\/uploads\/2022\/04\/Rektorat-300x197.jpg 300w, https:\/\/ilc2022.ftn.uns.ac.rs\/wp-content\/uploads\/2022\/04\/Rektorat-768x504.jpg 768w\" sizes=\"(max-width: 960px) 100vw, 960px\" \/>\t\t\t\t\t\t\t\t\t\t\t\t\t\t\t<\/div>\n\t\t\t\t<\/div>\n\t\t\t\t\t<\/div>\n\t\t<\/div>\n\t\t\t\t\t\t\t<\/div>\n\t\t<\/section>\n\t\t\t\t<section class=\"elementor-section elementor-top-section elementor-element elementor-element-086d66b elementor-section-boxed elementor-section-height-default elementor-section-height-default\" data-id=\"086d66b\" data-element_type=\"section\">\n\t\t\t\t\t\t<div class=\"elementor-container elementor-column-gap-default\">\n\t\t\t\t\t<div class=\"elementor-column elementor-col-50 elementor-top-column elementor-element elementor-element-43ec2c2\" data-id=\"43ec2c2\" data-element_type=\"column\">\n\t\t\t<div class=\"elementor-widget-wrap elementor-element-populated\">\n\t\t\t\t\t\t\t\t<div class=\"elementor-element elementor-element-a26e82a elementor-widget elementor-widget-image\" data-id=\"a26e82a\" data-element_type=\"widget\" data-widget_type=\"image.default\">\n\t\t\t\t<div class=\"elementor-widget-container\">\n\t\t\t\t\t\t\t\t\t\t\t\t\t\t\t<img loading=\"lazy\" decoding=\"async\" width=\"269\" height=\"187\" src=\"https:\/\/ilc2022.ftn.uns.ac.rs\/wp-content\/uploads\/2022\/04\/download__1_-removebg-preview.png\" class=\"attachment-large size-large\" alt=\"\" \/>\t\t\t\t\t\t\t\t\t\t\t\t\t\t\t<\/div>\n\t\t\t\t<\/div>\n\t\t\t\t\t<\/div>\n\t\t<\/div>\n\t\t\t\t<div class=\"elementor-column elementor-col-50 elementor-top-column elementor-element elementor-element-987f9d0\" data-id=\"987f9d0\" data-element_type=\"column\">\n\t\t\t<div class=\"elementor-widget-wrap elementor-element-populated\">\n\t\t\t\t\t\t\t\t<div class=\"elementor-element elementor-element-251c883 elementor-widget elementor-widget-image\" data-id=\"251c883\" data-element_type=\"widget\" data-widget_type=\"image.default\">\n\t\t\t\t<div class=\"elementor-widget-container\">\n\t\t\t\t\t\t\t\t\t\t\t\t\t\t\t<img loading=\"lazy\" decoding=\"async\" width=\"96\" height=\"267\" src=\"https:\/\/ilc2022.ftn.uns.ac.rs\/wp-content\/uploads\/2022\/09\/sart.jpg\" class=\"attachment-large size-large\" alt=\"\" \/>\t\t\t\t\t\t\t\t\t\t\t\t\t\t\t<\/div>\n\t\t\t\t<\/div>\n\t\t\t\t\t<\/div>\n\t\t<\/div>\n\t\t\t\t\t\t\t<\/div>\n\t\t<\/section>\n\t\t\t\t<section class=\"elementor-section elementor-top-section elementor-element elementor-element-c8a7a97 elementor-section-boxed elementor-section-height-default elementor-section-height-default\" data-id=\"c8a7a97\" data-element_type=\"section\">\n\t\t\t\t\t\t<div class=\"elementor-container elementor-column-gap-default\">\n\t\t\t\t\t<div class=\"elementor-column elementor-col-100 elementor-top-column elementor-element elementor-element-c5c7a71\" data-id=\"c5c7a71\" data-element_type=\"column\">\n\t\t\t<div class=\"elementor-widget-wrap elementor-element-populated\">\n\t\t\t\t\t\t\t\t<div class=\"elementor-element elementor-element-5b83a12 elementor-widget elementor-widget-spacer\" data-id=\"5b83a12\" data-element_type=\"widget\" data-widget_type=\"spacer.default\">\n\t\t\t\t<div class=\"elementor-widget-container\">\n\t\t\t\t\t<div class=\"elementor-spacer\">\n\t\t\t<div class=\"elementor-spacer-inner\"><\/div>\n\t\t<\/div>\n\t\t\t\t<\/div>\n\t\t\t\t<\/div>\n\t\t\t\t\t<\/div>\n\t\t<\/div>\n\t\t\t\t\t\t\t<\/div>\n\t\t<\/section>\n\t\t\t\t\t\t\t<\/div>\n\t\t","protected":false},"excerpt":{"rendered":"<p>Programme The 11th International Language Conference onThe Importance of Learning Professional Foreign Languages for Communication between Cultures16\u2013 17 September 2022 Conference Organizer: Faculty of Technical Sciences, University of Novi Sad, Novi Sad, SerbiaConference Venue: Rectorate Building,Address: Dr. Zorana \u0110in\u0111i\u0107a 1, Campus of the University of Novi Sad Download programme 9:00 \u2013 9:50 Conference registration 10:00 [&hellip;]<\/p>\n","protected":false},"author":2,"featured_media":0,"parent":0,"menu_order":0,"comment_status":"closed","ping_status":"closed","template":"elementor_header_footer","meta":{"footnotes":""},"_links":{"self":[{"href":"https:\/\/ilc2022.ftn.uns.ac.rs\/index.php\/wp-json\/wp\/v2\/pages\/488"}],"collection":[{"href":"https:\/\/ilc2022.ftn.uns.ac.rs\/index.php\/wp-json\/wp\/v2\/pages"}],"about":[{"href":"https:\/\/ilc2022.ftn.uns.ac.rs\/index.php\/wp-json\/wp\/v2\/types\/page"}],"author":[{"embeddable":true,"href":"https:\/\/ilc2022.ftn.uns.ac.rs\/index.php\/wp-json\/wp\/v2\/users\/2"}],"replies":[{"embeddable":true,"href":"https:\/\/ilc2022.ftn.uns.ac.rs\/index.php\/wp-json\/wp\/v2\/comments?post=488"}],"version-history":[{"count":53,"href":"https:\/\/ilc2022.ftn.uns.ac.rs\/index.php\/wp-json\/wp\/v2\/pages\/488\/revisions"}],"predecessor-version":[{"id":564,"href":"https:\/\/ilc2022.ftn.uns.ac.rs\/index.php\/wp-json\/wp\/v2\/pages\/488\/revisions\/564"}],"wp:attachment":[{"href":"https:\/\/ilc2022.ftn.uns.ac.rs\/index.php\/wp-json\/wp\/v2\/media?parent=488"}],"curies":[{"name":"wp","href":"https:\/\/api.w.org\/{rel}","templated":true}]}}